{"id":60,"date":"2024-01-24T08:42:13","date_gmt":"2024-01-24T08:42:13","guid":{"rendered":"https:\/\/erigospharma.com\/?page_id=60"},"modified":"2024-01-24T08:45:04","modified_gmt":"2024-01-24T08:45:04","slug":"nuestra-mision","status":"publish","type":"page","link":"https:\/\/erigospharma.com\/index.php\/nuestra-mision\/","title":{"rendered":"Nuestra misi\u00f3n"},"content":{"rendered":"\n<p>En el coraz\u00f3n de nuestra visi\u00f3n est\u00e1 la creaci\u00f3n de un modelo de consultor\u00eda que rompa con el status quo. No se trata solo de servicios, sino de personas. Imaginamos un lugar donde consultor y cliente, como el alma de nuestro servicio, ocupen el centro del escenario. Queremos concentrarnos en cada proyecto de manera \u00fanica, buscando incansablemente el servicio perfecto que maximice el valor percibido por ti, nuestro cliente.<\/p>\n\n\n\n<p>Nos rebelamos contra la idea de que la experiencia se mida simplemente en a\u00f1os. Creemos en el poder de los m\u00e9ritos de proyectos y la actitud proactiva de nuestros consultores. Queremos construir una comunidad donde la competencia t\u00e9cnica y personal sea reconocida y valorada. No importa cu\u00e1ntos a\u00f1os tengas; lo que realmente importa es c\u00f3mo has cultivado tu experiencia y c\u00f3mo puedes aplicarla de manera innovadora en cada proyecto.<\/p>\n\n\n\n<p>Aspiramos a liberar a los profesionales de nuestro sector del paradigma de las grandes corporaciones de consultor\u00eda. Queremos que alcances tus ambiciones sin comprometer tus principios. Imagina un lugar donde la competencia y la colaboraci\u00f3n coexistan en armon\u00eda, donde tus habilidades sean el motor de tu \u00e9xito, no los n\u00fameros en un curr\u00edculum.<\/p>\n\n\n\n<p>Nos comprometemos a ofrecer m\u00e1s que servicios; ofrecemos garant\u00edas de calidad desde el primer contacto contigo. Queremos comprender tus necesidades t\u00e9cnicas en profundidad y adaptar nuestros recursos para que cada servicio sea un compromiso s\u00f3lido, respaldado por la total implicaci\u00f3n de nuestra marca. No se trata solo de proyectos; se trata de construir relaciones duraderas basadas en la confianza, la transparencia y la excelencia.<\/p>\n\n\n\n<p>\u00danete a nosotros en esta aventura, donde la consultor\u00eda no es solo un trabajo, es una pasi\u00f3n que compartimos contigo.<\/p>\n\n\n\n<p>Arsenio Carlos Castilla &#8211; <em>CEO Erigos Pharma Consulting<\/em><\/p>\n","protected":false},"excerpt":{"rendered":"<p>En el coraz\u00f3n de nuestra visi\u00f3n est\u00e1 la creaci\u00f3n de un modelo de consultor\u00eda que rompa con el status quo. No se trata solo de servicios, sino de personas. Imaginamos un lugar donde consultor y cliente, como el alma de nuestro servicio, ocupen el centro del escenario. Queremos concentrarnos en cada proyecto de manera \u00fanica, &hellip; <\/p>\n","protected":false},"author":1,"featured_media":29,"parent":0,"menu_order":0,"comment_status":"closed","ping_status":"closed","template":"","meta":{"footnotes":""},"class_list":["post-60","page","type-page","status-publish","has-post-thumbnail","hentry"],"_links":{"self":[{"href":"https:\/\/erigospharma.com\/index.php\/wp-json\/wp\/v2\/pages\/60","targetHints":{"allow":["GET"]}}],"collection":[{"href":"https:\/\/erigospharma.com\/index.php\/wp-json\/wp\/v2\/pages"}],"about":[{"href":"https:\/\/erigospharma.com\/index.php\/wp-json\/wp\/v2\/types\/page"}],"author":[{"embeddable":true,"href":"https:\/\/erigospharma.com\/index.php\/wp-json\/wp\/v2\/users\/1"}],"replies":[{"embeddable":true,"href":"https:\/\/erigospharma.com\/index.php\/wp-json\/wp\/v2\/comments?post=60"}],"version-history":[{"count":1,"href":"https:\/\/erigospharma.com\/index.php\/wp-json\/wp\/v2\/pages\/60\/revisions"}],"predecessor-version":[{"id":61,"href":"https:\/\/erigospharma.com\/index.php\/wp-json\/wp\/v2\/pages\/60\/revisions\/61"}],"wp:featuredmedia":[{"embeddable":true,"href":"https:\/\/erigospharma.com\/index.php\/wp-json\/wp\/v2\/media\/29"}],"wp:attachment":[{"href":"https:\/\/erigospharma.com\/index.php\/wp-json\/wp\/v2\/media?parent=60"}],"curies":[{"name":"wp","href":"https:\/\/api.w.org\/{rel}","templated":true}]}}